rime factors of 2462104789.
2462104789
What are the prime factors of 57689364?
2, 3, 17, 37, 7643
List the prime factors of 1119662596.
2, 13, 21531973
What are the prime factors of 222439389?
3, 74146463
List the prime factors of 413786511.
3, 17, 809, 3343
List the prime factors of 400366969.
167, 389, 6163
List the prime factors of 1044390730.
2, 5, 137, 762329
List the prime factors of 54289376.
2, 1696543
List the prime factors of 664387261.
664387261
What are the prime factors of 18313902?
2, 3, 1017439
What are the prime factors of 758490162?
2, 3, 149, 848423
List the prime factors of 3867989.
433, 8933
List the prime factors of 75758204.
2, 18939551
What are the prime factors of 1136559294?
2, 3, 13, 4857091
List the prime factors of 21953003.
163, 134681
List the prime factors of 55466955.
3, 5, 67, 18397
List the prime factors of 2154070236.
2, 3, 29, 6189857
List the prime factors of 55257398.
2, 7, 563851
What are the prime factors of 114446579?
13, 821, 10723
What are the prime factors of 1240248020?
2, 5, 11, 947, 5953
List the prime factors of 273061636.
2, 179, 381371
What are the prime factors of 333025150?
2, 5, 6660503
List the prime factors of 50469392.
2, 3154337
What are the prime factors of 199395923?
37, 73, 73823
What are the prime factors of 2832781?
7, 89, 4547
List the prime factors of 417298948.
2, 11, 9484067
List the prime factors of 571729812.
2, 3, 6067, 7853
List the prime factors of 737231537.
7, 17, 41, 53, 2851
What are the prime factors of 702702074?
2, 29, 12115553
What are the prime factors of 2996195979?
3, 7, 6869, 20771
What are the prime factors of 207550596?
2, 3, 11, 1572353
What are the prime factors of 9829005?
3, 5, 655267
List the prime factors of 465883065.
3, 5, 613, 16889
List the prime factors of 2160574990.
2, 5, 7, 43, 16693
What are the prime factors of 7756254?
2, 3, 11, 43, 911
List the prime factors of 46599050.
2, 5, 931981
List the prime factors of 432100959.
3, 71, 2028643
What are the prime factors of 2113846725?
3, 5, 17, 61, 27179
List the prime factors of 23761415.
5, 23, 367, 563
What are the prime factors of 320199142?
2, 4051, 39521
What are the prime factors of 1673966701?
11, 2129, 71479
List the prime factors of 101080094.
2, 173, 389, 751
What are the prime factors of 11154613?
11154613
What are the prime factors of 18616160?
2, 5, 116351
What are the prime factors of 40551999?
3, 31, 139, 3137
List the prime factors of 504860371.
103, 139, 179, 197
List the prime factors of 1563719950.
2, 5, 13, 19, 53, 2389
What are the prime factors of 2128665144?
2, 3, 83, 317, 3371
List the prime factors of 118143050.
2, 5, 89, 139, 191
What are the prime factors of 1022402265?
3, 5, 4091, 16661
What are the prime factors of 1361234135?
5, 59, 4614353
What are the prime factors of 12817776?
2, 3, 267037
List the prime factors of 1455770441.
23, 163, 16883
List the prime factors of 1368622459.
19, 72032761
List the prime factors of 172259363.
103, 1672421
What are the prime factors of 105989119?
709, 149491
List the prime factors of 3012125701.
13, 23, 89, 8707
What are the prime factors of 85499283?
3, 577, 49393
List the prime factors of 73446519.
3, 103, 237691
What are the prime factors of 221798085?
3, 5, 23, 43, 14951
List the prime factors of 48481061.
53, 914737
What are the prime factors of 814172023?
7, 47, 2474687
What are the prime factors of 400615827?
3, 47, 337, 8431
List the prime factors of 315923184.
2, 3, 19, 115469
List the prime factors of 39964721.
103, 587, 661
List the prime factors of 475457919.
3, 19, 397, 21011
What are the prime factors of 502730210?
2, 5, 197, 255193
What are the prime factors of 87486174?
2, 3, 4860343
List the prime factors of 19208824.
2, 2401103
What are the prime factors of 722101885?
5, 29, 59, 84407
List the prime factors of 40238401.
7, 233, 24671
What are the prime factors of 516538934?
2, 12143, 21269
List the prime factors of 2172762610.
2, 5, 41, 5299421
What are the prime factors of 518067985?
5, 23, 4504939
What are the prime factors of 17391239?
83, 209533
What are the prime factors of 2770445225?
5, 110817809
List the prime factors of 4269054970.
2, 5, 107, 1259, 3169
What are the prime factors of 35014993?
13, 23, 181, 647
What are the prime factors of 43080895?
5, 11, 13, 89, 677
What are the prime factors of 1306139?
1306139
List the prime factors of 12265825.
5, 11, 13, 47, 73
What are the prime factors of 2043680866?
2, 29, 37, 43, 22147
What are the prime factors of 179485633?
179485633
What are the prime factors of 47996268?
2, 3, 271, 14759
What are the prime factors of 2635721692?
2, 211, 3122893
List the prime factors of 7587615634.
2, 157, 367, 65843
List the prime factors of 1325417654.
2, 11, 59, 1021123
What are the prime factors of 115662772?
2, 28915693
What are the prime factors of 347510948?
2, 86877737
What are the prime factors of 1370554037?
19, 37, 1949579
List the prime factors of 685710658.
2, 9319, 36791
List the prime factors of 104463263.
23, 929, 4889
List the prime factors of 3346447041.
3, 7, 109, 18049
List the prime factors of 49435942.
2, 24717971
List the prime factors of 2097893733.
3, 13, 23, 1039, 2251
What are the prime factors of 121242074?
2, 127, 197, 2423
List the prime factors of 130149339.
3, 59, 735307
What are the prime factors of 5207890878?
2, 3, 289327271
List the prime factors of 255533436.
2, 3, 7098151
List the prime factors of 925209596.
2, 231302399
List the prime factors of 13383976.
2, 23, 72739
List the prime factors of 338992831.
338992831
List the prime factors of 61032174.
2, 3, 7, 641, 2267
What are the prime factors of 126886499?
83, 89, 193
List the prime factors of 141644760.
2, 3, 5, 1180373
What are the prime factors of 2621162745?
3, 5, 58248061
List the prime factors of 737711060.
2, 5, 47, 784799
What are the prime factors of 2574676173?
3, 29, 4751, 6229
What are the prime factors of 258830736?
2, 3, 5392307
List the prime factors of 1200983685.
3, 5, 11, 41, 16139
What are the prime factors of 36013251?
3, 12004417
What are the prime factors of 709378406?
2, 11, 3529, 9137
List the prime factors of 29414753.
31, 41, 23143
What are the prime factors of 453241645?
5, 90648329
What are the prime factors of 71062166?
2, 7, 19, 463, 577
List the prime factors of 14099434.
2, 7049717
List the prime factors of 1203270854.
2, 107, 5622761
What are the prime factors of 669152840?
2, 5, 127, 157, 839
List the prime factors of 24494219.
43, 71, 113
What are the prime factors of 2425713126?
2, 3, 3803, 106307
List the prime factors of 14602029.
3, 13, 163, 2297
List the prime factors of 80944399.
149, 167, 3253
List the prime factors of 1742749722.
2, 3, 7, 29, 158981
List the prime factors of 1308887518.
2, 31, 73, 289193
List the prime factors of 52663185.
3, 5, 53, 71, 311
List the prime factors of 6967541913.
3, 97, 1019, 23497
What are the prime factors of 75531915?
3, 5, 157, 10691
List the prime factors of 88319104.
2, 239, 2887
List the prime factors of 1197035735.
5, 7, 67, 510463
What are the prime factors of 137023636?
2, 971, 35279
What are the prime factors of 9582697?
23, 401, 1039
List the prime factors of 28051973.
23, 1219651
List the prime factors of 45264259.
1741, 25999
List the prime factors of 1560389415.
3, 5, 13, 1999, 4003
What are the prime factors of 121749414?
2, 3, 3191, 6359
What are the prime factors of 353510790?
2, 3, 5, 11783693
List the prime factors of 359345648.
2, 41, 233, 2351
List the prime factors of 6751896.
2, 3, 29, 89, 109
List the prime factors of 43114393.
7, 6159199
What are the prime factors of 92831162?
2, 79, 587539
List the prime factors of 722360225.
5, 43, 761, 883
What are the prime factors of 20813046?
2, 3, 179, 19379
List the prime factors of 4421794361.
19, 43, 1597, 3389
List the prime factors of 208654200.
2, 3, 5, 19, 6101
What are the prime factors of 631084111?
7, 90154873
What are the prime factors of 3743676642?
2, 3, 29, 499, 43117
List the prime factors of 129449320.
2, 5, 7, 11, 13, 53, 61
List the prime factors of 2465277036.
2, 3, 205439753
What are the prime factors of 222508630?
2, 5, 22250863
List the prime factors of 379800172.
2, 94950043
What are the prime factors of 65747442?
2, 3, 